*h**3 + 7*h + 1/2*h**4 + 0 + 3*h**l. What is o(-7)?
6
Let r(u) = -u**2 + 5*u + 12. Suppose -48 = -96*y + 88*y. Give r(y).
6
Let h(f) be the first derivative of f**4/4 - 5*f**3 - f**2/2 + 9*f + 121. Give h(15).
-6
Let l(x) = -x**2 - 6*x - 4. Suppose -3*n - p + 27 = 0, 0*p - 4*p = 3*n - 18. Suppose i + n = -i. What is l(i)?
1
Let f(w) = -11 + 6*w + 8*w**2 - 16 + 26. Let c(v) = -15*v**2 - 11*v + 2. Let b(t) = 4*c(t) + 7*f(t). What is b(2)?
-19
Suppose -3*a = 50 + 64. Let x = a + 30. Let d(u) = -u - 11. What is d(x)?
-3
Let z be (11 - 15) + 30/5. Let b(i) be the third derivative of 7*i**z + 0*i - i**3 - 1/12*i**4 + 0. Give b(-5).
4
Let l(y) = 5*y + 1. Let i(t) = -2*t**2 - 5*t - 6. Let n be i(-3). What is l(n)?
-44
Suppose 16*a - 32*a - 112 = 0. Let i(r) = -r**2 - 9*r + 7. Give i(a).
21
Let r(f) = f**3 - 2*f + 1. Let h = -29 - -31. Determine r(h).
5
Let a(k) = -k - 3. Let s(f) = f + 3. Let g be s(-7). Give a(g).
1
Let v(x) = -x**2 + x. Let z(g) = 5*g**2 - 16*g - 14. Let c(l) = -6*v(l) - z(l). Give c(-10).
14
Let q(x) = 138 - 290 - 20*x + 154. Give q(1).
-18
Let p be 4*1*(-4)/(-8). Suppose 4*s = -l - 0*l - 11, -p*s = -2*l + 18. Let g(u) = u**2 + 5*u + 2. Calculate g(s).
-2
Let b be 51*((-12)/(-9))/(1 - -3). Let s(x) = -4*x + 65. Give s(b).
-3
Let n = 95 + -101. Let f(j) = j**2 + 5*j + 9. What is f(n)?
15
Let u be 0/1 - 5 - -1. Let w be (-2)/u - (-18)/4. Let i(f) = 0*f + 3*f - 3*f**2 - w*f + 4*f - 2. Calculate i(2).
-10
Let b be 40/(-6) - (-10)/15. Let n = -3 - b. Let q(l) = -3*l**2 + 4*l**2 + 0*l**3 + 2*l**3 + n + 3*l. Give q(-2).
-15
Let t(m) be the second derivative of -m**5/60 - m**4/3 + m**3/2 - 8*m**2 + 17*m. Let j(k) be the first derivative of t(k). Determine j(-8).
3
Let u(a) = -6*a**2 - 2 - a**3 + 13*a + 2*a**3 - 19*a + 12*a. Suppose -2*f + 0*f = -50. Suppose 2*b = 7*b - f. Determine u(b).
3
Let j(c) = -29*c**2 - 4*c. Let n(y) = 22*y**2 + 5*y. Let k(a) = 3*j(a) + 4*n(a). What is k(-7)?
-7
Let m(s) = s**3 + 8*s**2 - 9*s - 1. Suppose 0 = 2*g - 26*g - 216. Calculate m(g).
-1
Let t(o) = 23*o + 34. Let p(q) = 4*q + 6. Let z(d) = 34*p(d) - 6*t(d). Give z(-1).
2
Suppose 3*j - 20 = 6*j - 5*b, 3*j - 4*b = -19. Let a(o) be the first derivative of -4 + 1/3*o**3 + 3*o**2 + 6*o. What is a(j)?
1
Let j(t) = -1 - 222*t**3 + 223*t**3 - 8 + 17*t - 16*t**2. Determine j(15).
21
Suppose 0 = 4*s - 4 - 4. Let u(o) = 7*o + 1. Let j(k) be the third derivative of -k**4/4 - k**3/6 + k**2. Let n(t) = s*u(t) + 3*j(t). Determine n(1).
-5
Suppose 0*r - 3*r + 15 = 3*t, 0 = -4*r - 3*t + 19. Let p(h) = r - 5 + 10*h - h. What is p(1)?
8
Suppose 4*o + 60 - 6 = 2*c, 72 = -4*o - 4*c. Let g = o - -23. Let z(s) = -8*s**2 + g + s**3 + 5 + 7*s**2. Determine z(0).
13
Let f(g) be the second derivative of -g**3/3 - 3*g**2 - 25*g. Suppose -14 = -3*v - 2*c, v - 4*c - 2 = -6*c. Suppose v*h + 25 = h. Determine f(h).
4
Let a(r) be the first derivative of -11*r**3/3 + r**2/2 - 23. Give a(-1).
-12
Let g(q) = q**2 - 5*q - 8. Suppose 36 = 100*y - 94*y. Give g(y).
-2
Let p(k) = -2 + 5*k**3 - 4*k**3 + 1 + 8*k**2 + 3*k - 3*k**2. Let q(i) = -i**2 - 10*i - 3. Let r be q(-10). Determine p(r).
8
Let g(p) = 5*p**3 + 2*p**2 + p - 1. Let a(i) = -i**3 + i**2. Let n be ((-9)/(-2))/((-21)/(-28)). Let v(c) = n*a(c) + g(c). Calculate v(8).
7
Let o be 12*(-8 - -11 - (-8)/(-3)). Let r(p) = -3*p**2 - 1 - 1 - 9*p - o*p**3 + 7*p. Calculate r(-2).
22
Let x be (0 - 4/(-6))*171/38. Let o(l) = -l**2 + 3*l + 1. Determine o(x).
1
Suppose 11 - 1 = -5*k. Let j(h) be the second derivative of h**4/6 + 2*h**3/3 + h**2 + 13*h. Give j(k).
2
Suppose -25 - 15 = -4*y - r, r = y - 5. Let a(o) = 4 + 6 - o - 1. Let w be a(y). Let k(b) = b - 1. Give k(w).
-1
Let r(l) be the first derivative of -1/2*l**3 - 7 + 1/24*l**4 - 3*l**2 + 0*l. Let c(k) be the second derivative of r(k). Give c(3).
0
Let m(l) be the third derivative of -l**6/360 - l**5/20 + l**4/12 + 23*l**3/6 + 16*l**2. Let i(p) be the first derivative of m(p). Give i(-3).
11
Let y(o) = -o**2 - 4*o. Let n = 31 - 31. Suppose -4*i + f = -2*f + 12, n = -3*f. Give y(i).
3
Let j(x) be the second derivative of -x**4/2 + x**3/3 + x**2/2 - x. Let b be (-8)/(-12) + ((-6)/9 - 1). Determine j(b).
-7
Suppose -9*t - 90 = -54. Let z(g) = -g**3 - 6*g**2 - 6*g - 2. Determine z(t).
-10
Suppose -2*m - 26 = m - u, 5*u = 4*m + 53. Let o(x) = x**3 + 8*x**2 + 4*x - 1. Determine o(m).
20
Let z(p) = -4*p**3 - 14*p**2 - 18*p - 27. Let q(o) = -5*o**3 - 14*o**2 - 19*o - 27. Let x(k) = 3*q(k) - 4*z(k). Calculate x(-13).
1
Let a(i) be the first derivative of -i**3/3 + 5*i**2/2 + 17*i - 66. Give a(7).
3
Let k(m) = -5916 - m + 0*m + 5896. Give k(0).
-20
Let k = -27 + 82/3. Let p(x) be the third derivative of -1/30*x**5 + x**2 + 0*x**4 + 1/120*x**6 - k*x**3 + 0 + 0*x. Give p(3).
7
Let b = 898 + -1793/2. Let x(y) be the first derivative of -b*y**2 + 1 + y. Calculate x(5).
-14
Let q(t) be the third derivative of -t**4/24 - 4*t**3/3 + 3*t**2. Let d be q(-13). Suppose 0 = 7*s - d*s + 6. Let v(p) = p**3 + 4*p**2 + 4*p + 4. Give v(s).
1
Let x be 4/(-7)*(-105)/150*-10. Let r(z) be the second derivative of z**5/20 + z**4/3 - z**3/3 + 2*z**2 + z. Give r(x).
12
Let l be (-3 - -5) + 2 - -24. Let s be 4 - ((-50)/(-14) - (-12)/l). Let m(i) = -i**2 + 12. Determine m(s).
12
Let y(g) be the second derivative of 0 - 1/60*g**5 + 0*g**4 - 5*g - 2*g**2 + 1/6*g**3. Let n(o) be the first derivative of y(o). Calculate n(0).
1
Let w(j) = -j + 1. Let b = 5 + -6. Let x(h) = -3*h + 2. Let u(m) = b*x(m) + 4*w(m). Give u(4).
-2
Let u(a) = 5*a + 6. Let t be u(-5). Let s = -19 - t. Let l(m) be the first derivative of -m**4/4 + m**3/3 + m**2/2 + 11*m - 2. What is l(s)?
11
Let v(q) = -4*q + 4. Let x(f) = f. Let s(o) = v(o) + 6*x(o). Suppose 8 = 4*r - 2*t, 0 = -3*r + 4*t + 7 - 1. Let z be 2/(r/(-6) - -1). Give s(z).
10
Let m(b) = -6 + 0*b**2 - 2*b + 2*b**2 - 3*b**2. Suppose 0 = 2*a + 3*o + 17, 12*o + 52 = 3*a - 7*a. Give m(a).
-14
Let m(z) = 7*z**2 + 16*z - 9. Let u(h) = 8*h**2 + 18*h - 12. Let p(v) = 6*m(v) - 5*u(v). What is p(-3)?
6
Let j be (-204)/(-15) + (-12)/(-30). Suppose 9*y + 13 = -j. Let z(s) = 0*s**2 - 3*s + 2*s**2 - 3*s**2. Calculate z(y).
0
Suppose -2*u + 26 = -4*l, 4*u - 5 = 7. Let m(r) be the second derivative of -r**3/6 + 2*r. Let p(d) = -3*d + 4. Let j(v) = 5*m(v) - p(v). Determine j(l).
6
Let s(j) = -j**2 - 7*j - 6. Let h be s(-5). Suppose -p - h = -2*p. Suppose -4*k - w - 20 = -5*w, -w - 10 = p*k. Let l(n) = -6*n - 3. Calculate l(k).
15
Let b = 798 - 795. Let m(f) = -f**3 + f**2 + 3*f - 2. Calculate m(b).
-11
Let h(s) be the first derivative of -s**5/120 - s**4/3 - 37*s**3/3 + 16. Let j(f) be the third derivative of h(f). What is j(-4)?
-4
Let b(g) = g**3 - 4*g**2 - g - 3. Let y = -40 - -44. Determine b(y).
-7
Let i(c) = 16 - 13 - 8*c + 16*c - 9*c. Suppose m = -0*m - 4*y + 14, -2*y + 14 = 4*m. Let z = m + 4. Calculate i(z).
-3
Let o = -17 - -23. Suppose -o*t - 25 = -7. Let f(d) = -2*d - 1. Determine f(t).
5
Let f(s) = 4*s + 4. Let u(g) = 4*g**3 + g**2 - 1. Let n be u(1). Let i(z) = -3*z + 9. Let j be i(n). Determine f(j).
-8
Let t(c) be the first derivative of -4*c**2 - 17*c - 724. Determine t(-2).
-1
Let f(r) be the second derivative of r**5/20 - r**4/4 - r**3/3 + 2*r**2 + r. Suppose -4*c + 6 = -6. Give f(c).
-2
Let p(a) = -18*a - 1. Let k(i) be the third derivative of -91*i**4/24 - 5*i**3/6 - 7*i**2. Let u(x) = -2*k(x) + 11*p(x). Determine u(-1).
15
Let h(p) = -45*p - 49*p + 106*p - 2. What is h(2)?
22
Let p(z) = z**3 + 14*z**2 + 2*z + 13. Let q(u) = 2*u**3 + 27*u**2 + 4*u + 26. Let w(o) = -7*p(o) + 4*q(o). Let d be (20/8)/(2/(-8)). Calculate w(d).
-7
Let n(w) = -2*w + 7. Suppose 3*v - 5*b = 35, -6*v + 3*b + 22 = -20. Give n(v).
-3
Let c(v) be the first derivative of v**4/4 + v**3 - 4*v**2 + 7*v + 156. Determine c(-5).
-3
Let i(a) = 3*a**3 - a**2. Suppose 0 = -5*o + 3 + 7. Suppose 5*v + l - 8 = 0, 4*l + o = -2*v + 16. Give i(v).
2
Let v be (-1)/(4*(-1)/28). Let j(d) = d**3 + 8*d**2 + 6. Let b be j(-8). Let p(h) = -4 - 2*h - 3 + 3*h + b. Calculate p(v).
6
Let r(d) = d**2 + 5*d + 3. Suppose 8 = -1133*n + 1129*n. What is r(n)?
-3
Let v(o) be the second derivative of o**4/12 + 4*o**3/3 + 5*o**2/2 - o. Suppose 13*k - 17*k + 4*g - 12 = 0, 5*g = 2*k. What is v(k)?
-10
Let g(s) = 101*s + 913 - 921 - 102*s. Suppose 4*q + 11 